False
Is 17519 composite?
False
Is 225689 composite?
False
Is 61211 prime?
True
Is 1117883 a composite number?
True
Is 44537 prime?
True
Is 57751 a prime number?
True
Is 137957 composite?
False
Is 19777 prime?
True
Is 47737 a composite number?
False
Is 77327 prime?
False
Is 37841 prime?
False
Is 6767 a composite number?
True
Is 24142 prime?
False
Is 107951 a prime number?
True
Is 12403 a prime number?
False
Is 74557 a prime number?
False
Is 101267 prime?
True
Is 15439 composite?
False
Is 26171 composite?
False
Is 3163 composite?
False
Is 118189 a composite number?
False
Is 5801 composite?
False
Is 245194 a prime number?
False
Is 1910149 a prime number?
False
Is 140347 composite?
True
Is 538903 a prime number?
False
Is 5981 composite?
False
Is 16057 composite?
False
Is 291 prime?
False
Is 45379 prime?
False
Is 27011 prime?
True
Is 578903 a composite number?
True
Is 92623 a composite number?
False
Is 26101 a prime number?
False
Is 54301 prime?
False
Is 127 prime?
True
Is 385129 a composite number?
False
Is 1943 a composite number?
True
Is 2867467 prime?
True
Is 4373 a composite number?
False
Is 34373 a composite number?
True
Is 24449 a composite number?
True
Is 139141 composite?
True
Is 1665007 composite?
False
Is 34147 prime?
True
Is 9259 a composite number?
True
Is 9073 a prime number?
False
Is 87839 composite?
True
Is 153967 a prime number?
False
Is 333386 composite?
True
Is 32961 a prime number?
False
Is 2151497 a prime number?
True
Is 77533 a composite number?
True
Is 33457 prime?
True
Is 3696769 a composite number?
True
Is 805479 a prime number?
False
Is 8039 composite?
False
Is 6437141 prime?
True
Is 4271 a composite number?
False
Is 20071 composite?
False
Is 50357 a composite number?
True
Is 1598999 composite?
False
Is 547 a composite number?
False
Is 21487 composite?
False
Is 477259 prime?
True
Is 50891 a prime number?
True
Is 951703 a composite number?
True
Is 41281 a composite number?
False
Is 134813 prime?
False
Is 3761 composite?
False
Is 129637 composite?
True
Is 49089 composite?
True
Is 2491 composite?
True
Is 181657 prime?
False
Is 846033 prime?
False
Is 51278 composite?
True
Is 8861 composite?
False
Is 9041 a prime number?
True
Is 31469 composite?
False
Is 17783 prime?
True
Is 14143 composite?
False
Is 7134079 composite?
False
Is 321001 prime?
False
Is 4049 prime?
True
Is 14054 a composite number?
True
Is 1574 composite?
True
Is 25867 composite?
False
Is 479023 composite?
False
Is 181157 composite?
False
Is 1043831 prime?
True
Is 28349 a composite number?
False
Is 29269 a prime number?
True
Is 469 a composite number?
True
Is 2897 prime?
True
Is 19121 a prime number?
True
Is 112097 a prime number?
True
Is 94679 a composite number?
True
Is 392043 a prime number?
False
Is 16145 a prime number?
False
Is 6997 a prime number?
True
Is 389 composite?
False
Is 253307 composite?
False
Is 2669 a composite number?
True
Is 143483 composite?
False
Is 105107 composite?
False
Is 208055 a prime number?
False
Is 546781 composite?
False
Is 4751 a composite number?
False
Is 7094 a prime number?
False
Is 111143 a composite number?
False
Is 578489 composite?
False
Is 730187 composite?
False
Is 14519 composite?
False
Is 27527 a composite number?
False
Is 299 a composite number?
True
Is 32603 composite?
False
Is 4583 prime?
True
Is 202661 a prime number?
True
Is 37811 a composite number?
False
Is 220769 composite?
True
Is 513965 a composite number?
True
Is 5623 a prime number?
True
Is 10111 a prime number?
True
Is 4846 a composite number?
True
Is 4637 a composite number?
False
Is 606737 composite?
False
Is 2567 a prime number?
False
Is 161193 composite?
True
Is 178617 prime?
False
Is 1251827 a prime number?
True
Is 2921 a prime number?
False
Is 32605 prime?
False
Is 683881 a prime number?
False
Is 444551 composite?
True
Is 5449 composite?
False
Is 437479 a composite number?
True
Is 70169 prime?
False
Is 2771 a prime number?
False
Is 167897 composite?
True
Is 14051 composite?
False
Is 242021 a composite number?
True
Is 14437 composite?
False
Is 56273 prime?
False
Is 1209001 prime?
False
Is 7921 a composite number?
True
Is 54737 a composite number?
True
Is 464069 composite?
False
Is 465581 prime?
True
Is 1117 prime?
True
Is 413 a prime number?
False
Is 139687 composite?
True
Is 3233 composite?
True
Is 2039 a prime number?
True
Is 649 prime?
False
Is 753 a prime number?
False
Is 428195 a prime number?
False
Is 6353 a composite number?
False
Is 51043 a composite number?
False
Is 89867 a composite number?
False
Is 635 a composite number?
True
Is 27319 composite?
True
Is 3085 a composite number?
True
Is 105407 a prime number?
True
Is 171991 a prime number?
False
Is 73663 composite?
True
Is 36149 prime?
False
Is 102814 a composite number?
True
Is 2861 a composite number?
False
Is 478615 prime?
False
Is 329689 a prime number?
False
Is 3681067 a prime number?
False
Is 8997 a composite number?
True
Is 4976133 a composite number?
True
Is 8663 a prime number?
True
Is 2021 a prime number?
False
Is 241673 composite?
True
Is 138551 prime?
False
Is 39826 composite?
True
Is 106705 a prime number?
False
Is 2590399 prime?
False
Is 42947 prime?
False
Is 19919 composite?
False
Is 458 prime?
False
Is 2567101 a composite number?
True
Is 1087 a prime number?
True
Is 259933 a composite number?
False
Is 17211 prime?
False
Is 63197 prime?
True
Is 44771 a composite number?
False
Is 3683 a composite number?
True
Is 2833 a composite number?
False
Is 65783 a prime number?
False
Is 1733 a composite number?
False
Is 120349 composite?
False
Is 3941 prime?
False
Is 247951 a prime number?
False
Is 62383 composite?
False
Is 2933 a prime number?
False
Is 8147 a composite number?
False
Is 141907 a prime number?
True
Is 467239 composite?
False
Is 192563 a prime number?
False
Is 131314 a composite number?
True
Is 137179 prime?
False
Is 53569 prime?
True
Is 89363 prime?
True
Is 82661 a prime number?
False
Is 17707 a prime number?
True
Is 80741 a prime number?
False
Is 5311 prime?
False
Is 635 a prime number?
False
Is 108809 a prime number?
False
Is 92135 prime?
False
Is 49303 composite?
True
Is 93289 composite?
True
Is 49222 a prime number?
False
Is 62435 prime?
False
Is 52645 a composite number?
True
Is 1611699 a composite number?
True
Is 188351 prime?
True
Is 1678 composite?
True
Is 5411 a composite number?
True
Is 15679 prime?
True
Is 7941 prime?
False
Is 13021 composite?
True
Is 23771 a prime number?
False
Is 701177 composite?
False
Is 9337 a prime number?
True
Is 6247 a prime number?
True
Is 1427999 prime?
True
Is 2923 composite?
True
Is 3901 prime?
False
Is 601739 composite?
True
Is 402197 a prime number?
True
Is 213377 composite?
True
Is 55889 composite?
False
Is 421559 a composite number?
False
Is 4550347 a composite number?
False
Is 25523 composite?
False
Is 485893 prime?
True
Is 57473 a composite number?
True
Is 2025539 a composite number?
False
Is 1663579 a composite number?
False
Is 2306327 composite?
False
Is 386761 composite?
True
Is 9773 a prime number?
False
Is 187597 composite?
False
Is 186931 composite?
True
Is 79031 composite?
False
Is 422537 prime?
True
Is 1923 a prime number?
False
Is 23713 a prime number?
False
Is 109331 a prime number?
True
Is 5333 a prime number?
True
Is 2174 a prime number?
False
Is 224689 a composite number?
True
Is 26121 composite?
True
Is 1413487 prime?
True
Is 621239 composite?
False
Is 87853 a composite number?
False
Is 15891 composite?
True
Is 68806 prime?
False
Is 131753 prime?
False
Is 120799 a composite number?
True
Is 602887 a prime number?
True
Is 5266 prime?
False
Is 153991 a composite number?
False
Is 173401 a prime number?
False
Is 2521 a prime number?
True
Is 57427 prime?
True
Is 389341 composite?
True
Is 9967 prime?
True
Is 13399 a composite number?
False
Is 49081 prime?
True
Is 278815 prime?
False
Is 2927 composite?
False
Is 1957453 a composite number?
False
Is 2460035 prime?
False
Is 78367 composite?
False
Is 44819 a composite number?
False
Is 25301 a composite number?
False
Is 212353 a prime number?
True
Is 62047 composite?
False
Is 7819 a prime number?
False
Is 21367 composite?
True
Is 641 a prime number?
True
Is 77981 prime?
False
Is 9491 prime?
True
Is 163243 a composite number?
False
Is 23603 a prime number?
True
Is 2281 pri